= -13*h - 34. What is w(-2)?
-8
Let g(p) = 8*p - 5. Determine g(4).
27
Let r(a) = a**3 + 17*a**2 - 2*a - 38. What is r(-17)?
-4
Let z(p) = p**3 + 3*p**2 - 8*p - 9. What is z(-5)?
-19
Let z(q) = q**3 + 12*q**2 - 2*q + 27. Give z(-12).
51
Let n(x) = -x - 12. Give n(-12).
0
Let n(d) = d**2 + d - 3. What is n(3)?
9
Let k(h) = h**3 + 6*h**2 + 4*h + 10. Determine k(-5).
15
Let p(m) = -12*m - 40. What is p(-3)?
-4
Let j(g) = 18*g - 102. Calculate j(5).
-12
Let v(k) = 4*k + 6. Give v(11).
50
Let p(a) = -16*a**2 + 5*a - 3. Give p(2).
-57
Let v(z) = 14*z + 152. What is v(-10)?
12
Let f(j) = -j**2 + 21*j + 26. Calculate f(21).
26
Let u(o) = -5*o + 14. What is u(3)?
-1
Let u(t) = t**2 - 23*t + 50. Give u(10).
-80
Let i(b) = b**2 - 26*b + 32. Give i(24).
-16
Let i(l) = 2*l - 15. Calculate i(-11).
-37
Let j(b) = 3*b - 12. Give j(-7).
-33
Let k(p) = -4*p + 2. Calculate k(-6).
26
Let r(n) = -6*n + 2. Give r(-8).
50
Let c(v) = -10*v - 20. Calculate c(-9).
70
Let l(d) = 3*d + 6. Determine l(11).
39
Let y(v) = 24*v**3. What is y(-1)?
-24
Let o(z) = -z**3 + 6*z**2 + 2*z + 5. Calculate o(5).
40
Let i(f) = -4*f + 116. What is i(10)?
76
Let k(i) = -2*i**2 + 6*i - 10. Determine k(5).
-30
Let t(c) = -c**3 - 10*c**2 + 9*c + 22. What is t(-9)?
-140
Let s(x) = -19*x + 16. Determine s(-2).
54
Let t(f) = f**2 + 8*f + 6. What is t(-6)?
-6
Let w(o) = 2*o**2 + 8*o - 6. What is w(-5)?
4
Let j(q) = -q**2 + 9*q - 10. Determine j(10).
-20
Let h(q) = q - 4. What is h(-7)?
-11
Let n(v) = 21*v - 22. What is n(5)?
83
Let h(b) = -2*b**3 - 5*b**2 - 8*b - 7. Determine h(-3).
26
Let h(k) = -8*k - 11. Determine h(5).
-51
Let b(h) = -18*h. What is b(1)?
-18
Let i(d) = -2*d**2 - 90*d + 845. Calculate i(8).
-3
Let x(j) = j**3 - 2*j - 7. Give x(0).
-7
Let v(d) = d**2 + 20*d - 30. Give v(-11).
-129
Let r(o) = -o**2 - 5*o + 29. Give r(4).
-7
Let w(o) = 17*o - 21. Calculate w(1).
-4
Let n(l) = -l**3 - 17*l**2 + 18*l - 10. Determine n(-18).
-10
Let v(q) = -11*q**2 + 3*q - 2. Determine v(1).
-10
Let g(b) = -b**2 - 5*b + 3. Give g(3).
-21
Let g(t) = -23*t. Give g(-1).
23
Let x(t) = -t**2 + 5*t + 3. Calculate x(4).
7
Let i(w) = w**2 - 6*w - 3. Calculate i(6).
-3
Let m(a) = -10*a**2 - 3*a + 13. Give m(-3).
-68
Let t(c) = -c**2 + 5*c + 10. What is t(8)?
-14
Let j(v) = -v**2 - 3*v + 13. Calculate j(0).
13
Let g(i) = i**2 + 41*i + 182. Give g(-36).
2
Let w(n) = -n**3 - 8*n**2 + 5*n - 21. Calculate w(-9).
15
Let j(y) = y**3 - 7*y**2 + 8*y - 6. What is j(5)?
-16
Let w(v) = 15*v + 67. Give w(-5).
-8
Let q(m) = m**3 + 28*m**2 + 79*m + 94. Determine q(-25).
-6
Let j(c) = c**3 + 3*c**2 - 11*c. Give j(-5).
5
Let q(i) = 2*i**2 + 22*i - 4. What is q(-10)?
-24
Let o(r) = -39*r - 234. Calculate o(-6).
0
Let q(x) = x**2 + 5*x - 7. Give q(-8).
17
Let q(y) = 4*y**2 + 64*y - 61. Determine q(-17).
7
Let d(a) = -5*a + 26. Calculate d(7).
-9
Let v(y) = y**3 - 7*y**2 + 12*y - 36. Determine v(6).
0
Let y(j) = -3*j + 22. Determine y(9).
-5
Let y(o) = 22*o**3 + o**2 - 1. Determine y(-1).
-22
Let a(t) = t**3 - 5*t**2 - 5*t + 40. Determine a(5).
15
Let d(a) = -11*a - 75. Give d(-12).
57
Let g(d) = d**3 + 44*d**2 - 92*d + 7. Calculate g(-46).
7
Let p(f) = -4*f + 19. Determine p(13).
-33
Let s(g) = -12*g - 90. Determine s(-7).
-6
Let n(z) = -5*z**2 + 10*z - 6. Calculate n(3).
-21
Let a(b) = -b**3 - 4*b**2 + 14*b + 14. What is a(-6)?
2
Let t(n) = n**3 + 6*n**2 - 3. Give t(-6).
-3
Let b(f) = f**3 + 7*f**2 + 8*f + 13. Determine b(-6).
1
Let w(b) = 2*b - 22. Determine w(18).
14
Let d(g) = -13*g + 151. Determine d(11).
8
Let v(n) = n**2 + 6*n - 37. Calculate v(6).
35
Let i(a) = -a**3 + 6*a**2 - a + 5. Calculate i(6).
-1
Let j(s) = -7*s**2 + 83*s - 12. What is j(12)?
-24
Let a(t) = 54*t**2 - 5*t + 4. What is a(1)?
53
Let o(v) = 11*v**2 + 57*v + 10. What is o(-5)?
0
Let o(s) = s**3 - 2*s**2 - 5*s - 1. Determine o(3).
-7
Let w(g) = -g**3 - 10*g**2 - 9*g + 9. What is w(-9)?
9
Let t(c) = 6*c - 468. Give t(77).
-6
Let q(g) = -g**3 - 4*g**2 - 4*g. Give q(-4).
16
Let p(q) = -q**3 - 20*q**2 + 2*q + 24. What is p(-20)?
-16
Let n(y) = -15*y - 16. Calculate n(-1).
-1
Let d(n) = 6*n**2 + 4*n - 1. Calculate d(-2).
15
Let f(t) = t**3 - 22*t**2 - 8. Calculate f(22).
-8
Let t(k) = k**2 - 5*k - 33. Give t(15).
117
Let a(v) = -v + 7. Determine a(8).
-1
Let x(i) = -i**3 + i**2 + i - 4. Calculate x(2).
-6
Let a(z) = 3*z + 110. Calculate a(-38).
-4
Let m(c) = 4*c**2 + 148*c + 2. Give m(-37).
2
Let x(d) = 2*d**2 + 10*d + 13. Determine x(-6).
25
Let s(b) = b**3 - 7*b**2 + 4*b - 3. Calculate s(7).
25
Let g(k) = 4*k**2 + k. Determine g(2).
18
Let i(r) = -r**3 + 4*r**2 + 3. Give i(4).
3
Let v(j) = -j**3 + 11*j**2 - 7*j - 7. Calculate v(11).
-84
Let t(p) = 2*p**2. Determine t(3).
18
Let j(r) = r**3 + 9*r**2 + 5*r - 19. Give j(-9).
-64
Let h(l) = -3*l**2 - 3. What is h(0)?
-3
Let w(b) = b**3 + 5*b**2 - 2. What is w(-4)?
14
Let u(h) = 2*h**2 - 82*h - 2. Calculate u(41).
-2
Let y(n) = -2*n**2 + 5*n. What is y(5)?
-25
Let n(h) = h**3 + 4*h**2 - 5*h. What is n(-4)?
20
Let o(g) = -15*g - 1. Give o(-3).
44
Let a(o) = -o**3 - 3*o**2 + 5*o - 5. Determine a(-4).
-9
Let h(s) = 2*s**2 + 17*s + 34. Give h(-5).
-1
Let m(n) = n**2 - 7*n - 2. Give m(6).
-8
Let x(c) = c - 15. Determine x(9).
-6
Let b(r) = -r**3 - 10*r**2 - 7*r - 6. Give b(-4).
-74
Let u(f) = -f**3 + 11*f**2 - 10*f - 5. What is u(10)?
-5
Let u(y) = 2*y + 7. What is u(-3)?
1
Let z(w) = -38*w - 22. Give z(3).
-136
Let s(h) = 2*h**2 - 3*h + 1. Calculate s(-3).
28
Let f(l) = -l**2 - 33*l - 3. What is f(-33)?
-3
Let k(i) = i**2 + 10*i - 4. Determine k(-11).
7
Let z(w) = -w**3 - 9*w**2 + 11*w + 3. What is z(-10)?
-7
Let w(k) = k**2 + 12*k - 5. Determine w(7).
128
Let n(m) = -3*m + 4. Calculate n(-3).
13
Let a(m) = m**3 + 2*m**2 - 6*m - 3. Give a(-5).
-48
Let m(v) = 22*v + 225. Determine m(-10).
5
Let w(l) = 10*l - 3. What is w(2)?
17
Let s(p) = p**3 - 2*p**2 + p + 27. Give s(0).
27
Let p(z) = -z + 1. What is p(13)?
-12
Let z(n) = -n**3 - 25*n**2 + 56*n + 16. What is z(-27)?
-38
Let k(y) = y**2 + 2*y. Give k(0).
0
Let m(n) = 3*n**2 - 5*n. Calculate m(6).
78
Let s(h) = -23*h**3 + 2*h**2 - 1. Calculate s(-1).
24
Let l(m) = m**3 + 12*m**2 - 18*m + 14. What is l(-13)?
79
Let b(k) = 8*k - 12. Determine b(9).
60
Let r(x) = x**2 - 9*x + 4. What is r(8)?
-4
Let i(p) = -p**3 + 12*p**2 - 5. Calculate i(12).
-5
Let m(x) = -x**3 + 6*x**2 + 10*x - 8. Determine m(8).
-56
Let i(m) = m - 17. Determine i(-12).
-29
Let m(n) = -n**3 - 13*n**2 - 23*n - 7. Determine m(-11).
4
Let v(g) = g**2 + 21*g + 12. Determine v(-19).
-26
Let r(o) = -o**3 - 4*o**2 - 7*o - 12. Determine r(-3).
0
Let u(k) = k**3 - 7*k**2 + 5*k. Calculate u(2).
-10
Let a(g) = 2*g**2 - 1. Calculate a(1).
1
Let b(v) = -v**2 - 9. Give b(5).
-34
Let k(b) = b**3 - 9*b**2 + 8*b - 6. What is k(8)?
-6
Let v(o) = -11*o**3 + 3*o - 2. What is v(1)?
-10
Let a(p) = p**2 - 5*p. Calculate a(3).
-6
Let g(j) = -j**2 + 5*j + 10. Determine g(-2).
-4
Let m(x) = -x**2 + x + 14. Determine m(4).
2
Let y(i) = 5*i**2 - 3*i - 4. Calculate y(3).
32
Let h(n) = -n**3 + 5*n**2 + 3*n + 6. What is h(5)?
21
Let u(i) = 3*i**3 + 4*i**2 + i. Give u(-2).
-10
Let q(g) = -14*g + 2. Give q(2).
-26
Let j(q) = -q**2 + q + 11. Calculate j(-3).
-1
Let o(w) = 2*w**2 + 25*w - 2. Give o(-13).
11
Let m(u) = 2*u**2 + 17*u - 270. Determine m(8).
-6
Let n(b) = 2*b + 21. Determine n(-9).
3
Let u(x) = -48*x - 2. What is u(-1)?
46
Let y(j) = 7*j**2 + 98*j + 4. What is y(-14)?
4
Let d(m) = -8*m**2 + m. Calculate d(-1).
-9
Let q(t) = -9*t + 8. Calculate q(6).
-46
Let o(f) = f**2 + 20*f - 10. Determine o(-21).
11
Let h(m) = -9*m + 30. Determine h(4).
-6
Let v(a) = -9*a**2 + 189*a + 8. Give v(21).
8
Let b(q) = -q**2 + 11*q - 22. What is b(6)?
8
Let k(z) = -21*z + 105. Determine k(4).
21
Let y(t) = -2*t**2 + 17*t + 1. Give y(10).
-29
Let j(m) = -2*m**2 - 68*m - 72. Calculate j(-33).
-6
Let c(t) = -t**2 - 9*t + 7. Give c(-10).
-3
Let x(d) = -d**3 - 9*d**2 - 14. Give x(-9).
-14
Let w(p) = p**3 - 15*p**2 - 5. Calculate w(15).
-5
Let u(g) = -19*g - 303. Calculate u(-16).
1
Let d(f) = -f**2 - 4*f - 9. What is d(-9)?
-54
Let t(j) = 3*j**2 - 13*j - 11. Determine t(6).
19
Let g(d) = -d**3 - 9*d**2 - 15*d - 38. Calculate g(-7).
-31
Let b(f) = f**3 - f**2 - 5*f - 7. Determine b(3).
-4
Let w(h) = -h**3 + 7*h**2 + 12*h - 12. Determine w